ds digit of 2565?
2
What is the thousands digit of 18585?
8
What is the hundreds digit of 614?
6
What is the thousands digit of 36783?
6
What is the units digit of 1030?
0
What is the thousands digit of 1322?
1
What is the units digit of 4758?
8
What is the tens digit of 777?
7
What is the thousands digit of 91245?
1
What is the units digit of 636?
6
What is the hundreds digit of 1883?
8
What is the units digit of 17069?
9
What is the units digit of 411?
1
What is the units digit of 468?
8
What is the tens digit of 5847?
4
What is the units digit of 103753?
3
What is the hundreds digit of 1148?
1
What is the hundreds digit of 420?
4
What is the tens digit of 2475?
7
What is the units digit of 6678?
8
What is the hundreds digit of 524?
5
What is the hundreds digit of 247?
2
What is the ten thousands digit of 13782?
1
What is the hundreds digit of 1483?
4
What is the tens digit of 1281?
8
What is the ten thousands digit of 24735?
2
What is the hundreds digit of 1733?
7
What is the hundreds digit of 699?
6
What is the units digit of 214?
4
What is the thousands digit of 14257?
4
What is the thousands digit of 29532?
9
What is the units digit of 1422?
2
What is the thousands digit of 1683?
1
What is the thousands digit of 153170?
3
What is the tens digit of 1016?
1
What is the hundreds digit of 63063?
0
What is the ten thousands digit of 21442?
2
What is the hundreds digit of 35958?
9
What is the units digit of 1867?
7
What is the thousands digit of 9876?
9
What is the tens digit of 9715?
1
What is the tens digit of 7009?
0
What is the tens digit of 72541?
4
What is the hundreds digit of 1977?
9
What is the units digit of 1578?
8
What is the thousands digit of 6832?
6
What is the units digit of 13055?
5
What is the units digit of 13280?
0
What is the tens digit of 1391?
9
What is the tens digit of 906?
0
What is the tens digit of 8132?
3
What is the hundreds digit of 5015?
0
What is the thousands digit of 122603?
2
What is the hundred thousands digit of 114911?
1
What is the tens digit of 31264?
6
What is the hundreds digit of 1523?
5
What is the thousands digit of 33947?
3
What is the tens digit of 681?
8
What is the units digit of 4530?
0
What is the thousands digit of 1590?
1
What is the thousands digit of 76677?
6
What is the tens digit of 34331?
3
What is the hundreds digit of 584?
5
What is the units digit of 5971?
1
What is the tens digit of 106?
0
What is the hundreds digit of 3522?
5
What is the units digit of 344?
4
What is the units digit of 2427?
7
What is the units digit of 1278?
8
What is the units digit of 293?
3
What is the units digit of 172387?
7
What is the tens digit of 2951?
5
What is the units digit of 182?
2
What is the units digit of 198?
8
What is the units digit of 55?
5
What is the ten thousands digit of 147527?
4
What is the tens digit of 13257?
5
What is the tens digit of 980?
8
What is the ten thousands digit of 23101?
2
What is the ten thousands digit of 17475?
1
What is the units digit of 29237?
7
What is the hundreds digit of 34726?
7
What is the ten thousands digit of 13289?
1
What is the hundreds digit of 327?
3
What is the tens digit of 3516?
1
What is the hundreds digit of 809?
8
What is the tens digit of 2461?
6
What is the units digit of 778?
8
What is the ten thousands digit of 56015?
5
What is the thousands digit of 3172?
3
What is the tens digit of 14753?
5
What is the units digit of 115489?
9
What is the units digit of 868?
8
What is the hundreds digit of 5909?
9
What is the hundreds digit of 989?
9
What is the thousands digit of 3880?
3
What is the hundreds digit of 44552?
5
What is the tens digit of 631?
3
What is the units digit of 1233?
3
What is the tens digit of 15969?
6
What is the tens digit of 28129?
2
What is the ten thousands digit of 65387?
6
What is the tens digit of 34914?
1
What is the hundreds digit of 10288?
2
What is the units digit of 1187?
7
What is the tens digit of 23138?
3
What is the thousands digit of 2807?
2
What is the units digit of 16473?
3
What is the ten thousands digit of 21844?
2
What is the hundreds digit of 14431?
4
What is the units digit of 16972?
2
What is the hundreds digit of 2394?
3
What is the tens digit of 5284?
8
What is the tens digit of 102407?
0
What is the thousands digit of 3113?
3
What is the hundreds digit of 1900?
9
What is the ten thousands digit of 32262?
3
What is the ten thousands digit of 11947?
1
What is the thousands digit of 2738?
2
What is the units digit of 1521?
1
What is the units digit of 6380?
0
What is the tens digit of 10838?
3
What is the hundreds digit of 3384?
3
What is the ten thousands digit of 27619?
2
What is the tens digit of 1844?
4
What is the units digit of 263?
3
What is the ten thousands digit of 23844?
2
What is the hundreds digit of 8385?
3
What is the units digit of 927?
7
What is the thousands digit of 2062?
2
What is the tens digit of 579?
7
What is the ten thousands digit of 36516?
3
What is the thousands digit of 2391?
2
What is the tens digit of 1321?
2
What is the tens digit of 9409?
0
What is the units digit of 30973?
3
What is the hundreds digit of 6369?
3
What is the units digit of 5451?
1
What is the thousands digit of 2595?
2
What is the units digit of 1202?
2
What is the hundreds digit of 98281?
2
What is the tens digit of 92519?
1
What is the tens digit of 1239?
3
What is the units digit of 41085?
5
What is the tens digit of 25207?
0
What is the units digit of 63556?
6
What is the thousands digit of 2542?
2
What is the hundred thousands digit of 121641?
1
What is the hundreds digit of 604?
6
What is the units digit of 2044?
4
What is the tens digit of 29234?
3
What is the hundreds digit of 43463?
4
What is the thousands digit of 53449?
3
What is the tens digit of 936?
3
What is the hundreds digit of 4632?
6
What is the units digit of 171?
1
What is the hundreds digit of 23524?
5
What is the thousands digit of 1080?
1
What is the thousands digit of 1560?
1
What is the tens digit of 12127?
2
What is the units digit of 32?
2
What is the units digit of 2522?
2
What is the tens digit of 44339?
3
What is the thousands digit of 1451?
1
What is the tens digit of 52262?
6
What is the ten thousands digit of 66332?
6
What is the tens digit of 92218?
1
What is the units digit of 131595?
5
What is the thousands digit of 2607?
2
What is the units digit of 2405?
5
What is the thousands digit of 82917?
2
What is the thousands digit of 2590?
2
What is the tens digit of 777?
7
What is the ten thousands digit of 14377?
1
What is the thousands digit of 60976?
0
What is the tens digit of 1910?
1
What is the units digit of 248?
8
What is the thousands digit of 22935?
2
What is the hundreds digit of 8185?
1
What is the units digit of 752?
2
What is the hundred thousands digit of 142009?
1
What is the ten thousands digit of 136593?
3
What is the hundreds digit of 1107?
1
What is the hundreds digit of 1562?
5
What is the tens digit of 412?
1
What is the tens digit of 61981?
8
What is the hundreds digit of 576?
5
What is the tens digit of 27850?
5
What is the ten thousands digit of 16665?
1
What is the thousands digit of 69378?
9
What is the units digit of 67694?
4
What is the hundreds digit of 45029?
0
What is the hundreds digit of 191032?
0
What is the thousands digit of 44214?
4
What is the ten thousands digit of 17958?
1
What is the hundreds digit of 9171?
1
What is the thousands digit of 3588?
3
What is the hundreds digit of 20100?
1
What is the tens digit of 7224?
2
What is the hundreds digit of 55079?
0
What is the thousands digit of 28822?
8
What is the tens digit of 600?
0
What is the ten thousands digit of 19033?
1
What is the units digit of 5350?
0
What is the ten thousands digit of 16732?
1
What is the thousands digit of 9250?
9
What is the units digit of 1134?
4
What is the units digit of 1843?
3
What is the thousands digit of 4675?
4
What is the units digit of 4643?
3
What is the hundreds digit of 491?
4
What is the units digit of 11?
1
What is the tens digit of 1629?
2
What is the units digit of 1088?
8
What is the tens digit of 368?
6
What is the ten thousands digit of 11276?
1
What is the ten thousands digit of 10580?
1
What is the units digit of 23816?
6
What is the hundred thousands digit of 169419?
1
What is th